ue
Let x(n) = 144*n + 715. Is x(72) a prime number?
True
Let p = 1723 + 1170. Is p a composite number?
True
Let k = -149 + 149. Is (-25566)/(-9) - (-1)/(3 + k) composite?
True
Is (-56104)/(-12)*45/10 prime?
False
Is 8/((-128)/(-8))*13814 a composite number?
False
Let p(t) = -t**3 + 28*t**2 + 57*t + 101. Let d be p(30). Let k(z) = z + 19*z - 2*z - 7. Is k(d) a composite number?
False
Let t(z) be the second derivative of 7*z**3/2 - z**2 + 6*z. Let b(m) = 42*m - 4. Let k(u) = 4*b(u) - 7*t(u). Is k(9) composite?
True
Let s = -818 + 1599. Is s prime?
False
Let l(m) = -4071*m + 79. Is l(-8) prime?
True
Let c = 26 - 21. Suppose 3361 - 9188 = -3*r + c*y, -y = -3*r + 5819. Suppose 4*g + r = 5751. Is g a prime number?
True
Suppose -589 = -7*p + 139. Suppose 2*l = -5*t - 2*l + 33, 3*l + 19 = 5*t. Suppose 66 + p = t*g. Is g a composite number?
True
Let o = 86532 + -59306. Is o prime?
False
Let v be (6/15)/(1/30). Let t(s) = 7 - 7*s - 12*s + 5*s**2 + v + 9*s. Is t(10) prime?
True
Suppose 0 = -y + 29 + 153. Suppose -y = -4*u + 230. Is u a prime number?
True
Suppose -y + 14965 = 4*y. Suppose 5*t = y - 478. Suppose 3*r + 254 = v, -t = -2*v - 0*v + 5*r. Is v a composite number?
False
Is -6 + 819 - -4*(-1)/1 a composite number?
False
Let z(g) = g**3 - 9*g**2 - 2*g + 20. Let d be z(9). Suppose d*h - 3731 = -3*p + 69, 0 = 4*h - 3*p - 7618. Is h a prime number?
False
Suppose 0*w + 3*w = -3*x + 12, 4*w - 20 = -5*x. Let i = -244 - -252. Suppose -2*j + 35 + 29 = 3*t, i = -x*t. Is j a prime number?
False
Is (6802/(-57))/(6/(-261)) a prime number?
False
Let k(f) = -155*f**3 + f**2 - 15*f - 22. Is k(-4) composite?
True
Suppose -10 = -x - 4. Suppose -x*p = -621 - 69. Is p a composite number?
True
Suppose 0 = t - 2, 4*c - 2 = 25*t - 26*t. Let z = -337 - -489. Suppose 5*q - z - 78 = c. Is q composite?
True
Suppose -f = 6*z - z - 1213, f - z = 1213. Is f prime?
True
Let q(j) = 39*j - 7. Let v(x) = -196*x + 34. Let b(f) = -11*q(f) - 2*v(f). Is b(-2) composite?
False
Let o = -8153 - -11595. Is o a composite number?
True
Suppose s = 4*a - 87, -130 = -5*a - 3*s - 34. Let u(h) = -2*h**3 + 24*h**2 + 3*h - 29. Let x be u(12). Suppose x*y - a = 238. Is y prime?
True
Let p = 124 + -58. Let o(v) = -v**2 + 10*v + 12. Let x be o(9). Is (x/(-9))/((-2)/p) a prime number?
False
Suppose 4*h + 1685 = 3*c, 2*h - 6*h + 4 = 0. Is c a composite number?
False
Let v be 9*(-1 + 6)/15. Suppose o - 787 = -4*z, v*o + 37 - 2458 = 3*z. Is o composite?
True
Let p be (0/(-1) + 3)*3264/18. Let b = 1185 - p. Is b a composite number?
False
Suppose 665 = -5*w - 5*u, 4*u + 682 - 19 = -5*w. Is (-2 - -2) + -4 - w prime?
True
Suppose 8 = -3*w - 5*o, -w - 5*o = -3*w + 3. Let k be 1/(w + 3 + -3). Let z(v) = 191*v**2 + v + 1. Is z(k) prime?
True
Suppose 5*a - 54 = x, 5*a = 4*a - 3. Let s = x - -158. Is s a prime number?
True
Suppose 0*q = -4*q - 16. Let l be q*(-3)/(-15)*-5. Suppose 216 = 4*x - 5*u, 0 = -x + l*x - 2*u - 169. Is x composite?
False
Let m = -19 - -31. Let v be 1112/m - (-3)/9. Suppose -t = 14 - v. Is t a prime number?
True
Let d(n) = n**3 - 8*n**2 + 5*n + 5. Let p be d(5). Let m(o) = -21*o**3 - o**2 - 3*o + 2. Let s be m(-2). Let i = p + s. Is i a prime number?
True
Let k = 73 + -37. Suppose 32*z = k*z - 28. Suppose -u = -z*u + 534. Is u a composite number?
False
Suppose -9*n - 5*n = 0. Suppose -x + 117 + 10 = n. Is x prime?
True
Suppose 4*p - 4 = 3*p. Suppose -p*v = 5*l - 713 - 530, -3*l + 4*v + 765 = 0. Is l a composite number?
False
Is (-71382)/(-8) - (-6 - -7)/(-4) prime?
True
Let a(g) = -g**2 + 14*g + 2. Let v be a(14). Suppose v*o - 450 = -n, 3*o - 2*o = 4*n + 207. Is o a composite number?
False
Suppose -4*j - 328 = -8*j. Let b = -29 + j. Is b composite?
False
Is (69 + -2)*388 + 6 a prime number?
False
Let q(o) = -80*o - 18. Let b be q(-4). Suppose 4*v + 2*w - 564 = 0, 5*v - 2*w - b = 421. Is v composite?
True
Suppose -14 = -2*p - 8. Suppose -2*n + n = p*u - 335, 5*n - 10 = 0. Is u prime?
False
Suppose 2100 = 5*x - 11*x. Let u = 867 + x. Is u prime?
False
Let z(o) be the third derivative of 1/24*o**6 + 1/8*o**4 - 1/6*o**3 + 0*o - 5*o**2 - 1/30*o**5 + 0. Is z(2) a composite number?
False
Suppose 8*j = -0*j + 32. Suppose j*z + 3*g - 1587 - 5791 = 0, 9213 = 5*z - g. Is z composite?
True
Let n be 4/2 + 15174/(-3). Let y be ((-1)/(-2))/((-8)/n). Is 1/((-312)/y + 1) a prime number?
True
Let j be ((-27)/(-3) - 3) + -2. Suppose -5*d + 3*g - 8*g = -3960, -3*g + 3173 = j*d. Is d composite?
False
Is 15/25*(-199910)/(-12)*2 composite?
False
Let t(y) = 29*y + 12. Let g be t(5). Let o = g + -77. Is 596/10 - 48/o a composite number?
False
Let f = 63203 + -40977. Is f prime?
False
Suppose -h = -4*o + 131, -4*o - o = 3*h + 359. Is -15 - -19 - (0 + h) composite?
False
Suppose 0 = 2*t - 2 - 2. Suppose 431 = t*i + 113. Is i composite?
True
Let l = -8 - -1. Let p(f) = -49*f - 8. Let u(t) = -25*t - 4. Let q(d) = -2*p(d) + 5*u(d). Is q(l) composite?
True
Let p(k) = 4*k + 1. Let h be p(1). Suppose -6*r = -h*r + 169. Let y = -24 - r. Is y a composite number?
True
Let c(d) = 4*d**2 - 3*d - 1 - 1 + 2. Let a be c(2). Let x(g) = 2*g**2 + g + 1. Is x(a) a prime number?
True
Let m(b) be the second derivative of b**4/12 + 149*b**2/2 + 20*b. Is m(0) composite?
False
Suppose -t = -2*g - 66833, 3*g = -3*t - g + 200539. Is t prime?
True
Suppose 829 = -2*t - 787. Let c = 151 + -127. Is (-2)/(-6) - t/c prime?
False
Suppose 0 = 3*z + 9, 2*g + 4*z = 5*z + 2387. Suppose 30*f - g = 26*f. Is f composite?
True
Is ((-86)/301)/((-4)/174314) composite?
False
Let p be ((-4)/6)/(2/8694). Let w = -1829 - p. Is w composite?
False
Suppose 0 = 5*l - 3*g + 162461, -l - 129970 = 3*l - 2*g. Is l/7*1/(-2) a composite number?
True
Suppose 4*r - 7*r - 1158 = 0. Let c be -2*(-2)/(-12) + (-2848)/(-48). Let b = c - r. Is b prime?
False
Suppose -q - 228 = -7*q. Suppose -q*d + 36*d + 1594 = 0. Is d prime?
True
Suppose 10 = 8*b - 6*b. Suppose 4*g - 5*i = 644, 5*g - 316 = -b*i + 489. Suppose s + 41 = -j + g, 0 = 3*s - 15. Is j composite?
True
Let g(n) = -3*n - 19. Let s be g(-7). Is (7/(-2))/(s/(-28)) a composite number?
True
Let a(y) = y**3 + 11*y**2 - y - 45. Is a(-10) a prime number?
False
Suppose -4 = -4*o, -v - 2*v + 1294 = -5*o. Let k be 0 - -4 - (2 - 192). Suppose -v - k = -3*t. Is t composite?
True
Let n = 6036 - 2633. Is n prime?
False
Let i(a) = -13*a - 25. Suppose 2*g - 60 = 7*g. Let u be i(g). Let n = -76 + u. Is n a prime number?
False
Let l be (-9)/12*(-4)/1. Is (l - 4/1) + (389 - -1) composite?
False
Let n be 2/(-2)*(-3 - 0). Suppose -2*v = 3*v + 5*s + 15, 0 = -v + 3*s - n. Is 2/(-3) - 599/v a composite number?
False
Suppose 2*z - 415 = -23. Suppose 361 = o - z. Is o composite?
False
Let b = 7 - 5. Suppose 4*r = b*q + 18, 4*r - 8*r + 5*q + 9 = 0. Is r a composite number?
True
Suppose 43 = 16*f - 37. Suppose -f*a + 2*u = -6305, -3787 = -3*a + 2*u - 0*u. Is a prime?
True
Let z(p) = 820*p**2 + 17*p - 34. Is z(7) a prime number?
False
Suppose -147985 = -37*j + 274. Is j a composite number?
False
Let z = 6 + 3. Suppose 3*k - 4*k = -z. Is 436/(-6)*k/(-6) composite?
False
Suppose -3590 = 19*k - 152341. Is k prime?
True
Suppose q + 2*j = -3*j - 377, -2*q + 3*j = 806. Let h = q - -1046. Is h a prime number?
False
Let c(p) = p**3 + 7*p**2 + 3*p + 11. Let m be c(-6). Suppose b + m - 28 = 0. Let n(d) = -227*d**3 - d**2. Is n(b) prime?
False
Suppose -6*x - 5*s = -31510 + 6532, -4163 = -x - 2*s. Is x prime?
False
Suppose 8*u - 87 = 25. Is u/(4/(8/(-12)*-681)) a composite number?
True
Suppose -5*f - 2 = -7. Suppose 0 = -3*h + 4*x - 22, -x - 14 = 3*h - 3*x. Is f/2 - 533/h a prime number?
False
Is (18084 - -6) + -9 + 8 prime?
True
Let d = -5 + 13. Let w be 2/((-8)/(-80)*5). Suppose -w*z - 1036 = -d*z. Is z a prime number?
False
Suppose -464 = 4*y - 5*y + 5*a, 2*y = -4*a + 984. Let z = 427 + y. Is z a composite number?
False
Is (-36)/24 - -1 - 145870/(-4) composite?
False
Suppose 11*d - 43621 - 40991 = 0. Let s = d - 2621. Is s composite?
True
Let c be 4112 - (12 + -9 - 1*-1). Suppose 3*i - 7*i + c = 0. Is i composite?
True
Let g be ((-10)/6)/(1/(-3)). Suppose -4 + 14 = g*y. Is 1 + y + (-2 - -37) prime?
False
Let s be (-9)/(-12)*(-20)/(-5). Suppose -z - s = -2*m, -z = -4*m + 5*m - 6. Suppose z*j = 4*k - 135, -k + j = -0*k - 34. Is k a prime number?
False
Sup